{"id":1876,"date":"2025-11-23T12:57:45","date_gmt":"2025-11-23T12:57:45","guid":{"rendered":"https:\/\/formacioncastellino.es\/?page_id=1876"},"modified":"2025-12-09T03:19:15","modified_gmt":"2025-12-09T03:19:15","slug":"accommodation","status":"publish","type":"page","link":"https:\/\/formacioncastellino.es\/en\/accommodation\/","title":{"rendered":"Accommodation"},"content":{"rendered":"\t\t<div data-elementor-type=\"wp-page\" data-elementor-id=\"1876\" class=\"elementor elementor-1876\" data-elementor-post-type=\"page\">\n\t\t\t\t<div class=\"elementor-element elementor-element-4094ee7 e-flex e-con-boxed e-con e-parent\" data-id=\"4094ee7\" data-element_type=\"container\" data-settings=\"{&quot;background_background&quot;:&quot;classic&quot;}\">\n\t\t\t\t\t<div class=\"e-con-inner\">\n\t\t<div class=\"elementor-element elementor-element-8695738 e-con-full e-flex e-con e-child\" data-id=\"8695738\" data-element_type=\"container\">\n\t\t\t\t<div class=\"elementor-element elementor-element-2646c9c elementor-widget elementor-widget-heading\" data-id=\"2646c9c\" data-element_type=\"widget\" data-widget_type=\"heading.default\">\n\t\t\t\t<div class=\"elementor-widget-container\">\n\t\t\t\t\t<h1 class=\"elementor-heading-title elementor-size-default\">Accommodation<\/h1>\t\t\t\t<\/div>\n\t\t\t\t<\/div>\n\t\t\t\t<\/div>\n\t\t\t\t\t<\/div>\n\t\t\t\t<\/div>\n\t\t<div class=\"elementor-element elementor-element-e90f62c e-flex e-con-boxed e-con e-parent\" data-id=\"e90f62c\" data-element_type=\"container\">\n\t\t\t\t\t<div class=\"e-con-inner\">\n\t\t<div class=\"elementor-element elementor-element-0c682a2 e-con-full e-flex e-con e-child\" data-id=\"0c682a2\" data-element_type=\"container\">\n\t\t\t\t<div class=\"elementor-element elementor-element-fdcac27 elementor-widget elementor-widget-heading\" data-id=\"fdcac27\" data-element_type=\"widget\" data-widget_type=\"heading.default\">\n\t\t\t\t<div class=\"elementor-widget-container\">\n\t\t\t\t\t<h2 class=\"elementor-heading-title elementor-size-default\">The Casal Sant Mart\u00ed at Sant Mart\u00ed Sesgueioles<\/h2>\t\t\t\t<\/div>\n\t\t\t\t<\/div>\n\t\t\t\t<div class=\"elementor-element elementor-element-cc91ee5 elementor-widget elementor-widget-image\" data-id=\"cc91ee5\" data-element_type=\"widget\" data-widget_type=\"image.default\">\n\t\t\t\t<div class=\"elementor-widget-container\">\n\t\t\t\t\t\t\t\t\t\t\t\t\t\t\t<img fetchpriority=\"high\" decoding=\"async\" width=\"1024\" height=\"768\" src=\"https:\/\/formacioncastellino.es\/wp-content\/uploads\/2025\/11\/ElCasalwithWindmills.jpeg\" class=\"attachment-full size-full wp-image-1880\" alt=\"elcasalwithwindmills\" srcset=\"https:\/\/formacioncastellino.es\/wp-content\/uploads\/2025\/11\/ElCasalwithWindmills.jpeg 1024w, https:\/\/formacioncastellino.es\/wp-content\/uploads\/2025\/11\/ElCasalwithWindmills-300x225.jpeg 300w, https:\/\/formacioncastellino.es\/wp-content\/uploads\/2025\/11\/ElCasalwithWindmills-768x576.jpeg 768w\" sizes=\"(max-width: 1024px) 100vw, 1024px\" \/>\t\t\t\t\t\t\t\t\t\t\t\t\t\t\t<\/div>\n\t\t\t\t<\/div>\n\t\t\t\t<\/div>\n\t\t<div class=\"elementor-element elementor-element-dd27738 e-con-full e-flex e-con e-child\" data-id=\"dd27738\" data-element_type=\"container\">\n\t\t\t\t<div class=\"elementor-element elementor-element-2363509 elementor-widget elementor-widget-text-editor\" data-id=\"2363509\" data-element_type=\"widget\" data-widget_type=\"text-editor.default\">\n\t\t\t\t<div class=\"elementor-widget-container\">\n\t\t\t\t\t\t\t\t\t<p>The training will take place at Casal Sant Mart\u00ed at Sant Mart\u00ed Sesgueioles, 95 km from Barcelona airport. About 1 hour and 15 minutes by car\/taxi, but longer if taking combination of bus\/train and taxi.<br \/><br \/><\/p><p>We encourage participants to organize rides among themselves. Later on we will provide a list of participants.<br \/><br \/><\/p><p>The website of the center:<br \/><a href=\"http:\/\/www.casalsantmarti.lasalle.cat\" target=\"_blank\" rel=\"noopener noreferrer\">www.casalsantmarti.lasalle.cat<\/a>.<br \/><br \/><\/p><p><strong>Price for room and board:<\/strong><br \/><br \/>Approximate price for room and board per day for individual is 65 \u20ac and for double occupancy is 60 \u20ac.<br \/><br \/><\/p><p>Approximate price for room and board per module: 390 \u20ac.<br \/><br \/><\/p><p>Price for room and board for the whole training (it might vary slightly depending on the current prices for the center La Salle each year). 3,510 \u20ac.<br \/><br \/><\/p><p>Please, contact Olga Molina for further details at: <a href=\"mailto:formacioncastellino@gmail.com\">formacioncastellino@gmail.com<\/a><\/p>\t\t\t\t\t\t\t\t<\/div>\n\t\t\t\t<\/div>\n\t\t\t\t<\/div>\n\t\t\t\t\t<\/div>\n\t\t\t\t<\/div>\n\t\t<div class=\"elementor-element elementor-element-327fc6c e-flex e-con-boxed e-con e-parent\" data-id=\"327fc6c\" data-element_type=\"container\" data-settings=\"{&quot;background_background&quot;:&quot;classic&quot;}\">\n\t\t\t\t\t<div class=\"e-con-inner\">\n\t\t<div class=\"elementor-element elementor-element-7a7d05b8 e-con-full e-flex e-con e-child\" data-id=\"7a7d05b8\" data-element_type=\"container\">\n\t\t\t\t<div class=\"elementor-element elementor-element-3b439929 elementor-widget elementor-widget-heading\" data-id=\"3b439929\" data-element_type=\"widget\" data-widget_type=\"heading.default\">\n\t\t\t\t<div class=\"elementor-widget-container\">\n\t\t\t\t\t<h2 class=\"elementor-heading-title elementor-size-default\">Questions? Contact Us.<\/h2>\t\t\t\t<\/div>\n\t\t\t\t<\/div>\n\t\t\t\t<div class=\"elementor-element elementor-element-ec49253 elementor-align-center elementor-widget elementor-widget-button\" data-id=\"ec49253\" data-element_type=\"widget\" data-widget_type=\"button.default\">\n\t\t\t\t<div class=\"elementor-widget-container\">\n\t\t\t\t\t\t\t\t\t<div class=\"elementor-button-wrapper\">\n\t\t\t\t\t<a class=\"elementor-button elementor-button-link elementor-size-sm\" href=\"\/contact\/\">\n\t\t\t\t\t\t<span class=\"elementor-button-content-wrapper\">\n\t\t\t\t\t\t\t\t\t<span class=\"elementor-button-text\">Get In Touch<\/span>\n\t\t\t\t\t<\/span>\n\t\t\t\t\t<\/a>\n\t\t\t\t<\/div>\n\t\t\t\t\t\t\t\t<\/div>\n\t\t\t\t<\/div>\n\t\t\t\t<\/div>\n\t\t\t\t\t<\/div>\n\t\t\t\t<\/div>\n\t\t\t\t<\/div>\n\t\t","protected":false},"excerpt":{"rendered":"<p>Accommodation The Casal Sant Mart\u00ed at Sant Mart\u00ed Sesgueioles The training will take place at Casal Sant Mart\u00ed at Sant Mart\u00ed Sesgueioles, 95 km from Barcelona airport. About 1 hour and 15 minutes by car\/taxi, but longer if taking combination of bus\/train and taxi. We encourage participants to organize rides among themselves. Later on we [&hellip;]<\/p>\n","protected":false},"author":1,"featured_media":0,"parent":0,"menu_order":0,"comment_status":"closed","ping_status":"closed","template":"","meta":{"site-sidebar-layout":"no-sidebar","site-content-layout":"page-builder","ast-site-content-layout":"default","site-content-style":"default","site-sidebar-style":"default","ast-global-header-display":"","ast-banner-title-visibility":"","ast-main-header-display":"","ast-hfb-above-header-display":"","ast-hfb-below-header-display":"","ast-hfb-mobile-header-display":"","site-post-title":"disabled","ast-breadcrumbs-content":"","ast-featured-img":"disabled","footer-sml-layout":"","ast-disable-related-posts":"","theme-transparent-header-meta":"enabled","adv-header-id-meta":"","stick-header-meta":"","header-above-stick-meta":"","header-main-stick-meta":"","header-below-stick-meta":"","astra-migrate-meta-layouts":"default","ast-page-background-enabled":"default","ast-page-background-meta":{"desktop":{"background-color":"var(--ast-global-color-4)","background-image":"","background-repeat":"repeat","background-position":"center center","background-size":"auto","background-attachment":"scroll","background-type":"","background-media":"","overlay-type":"","overlay-color":"","overlay-opacity":"","overlay-gradient":""},"tablet":{"background-color":"","background-image":"","background-repeat":"repeat","background-position":"center center","background-size":"auto","background-attachment":"scroll","background-type":"","background-media":"","overlay-type":"","overlay-color":"","overlay-opacity":"","overlay-gradient":""},"mobile":{"background-color":"","background-image":"","background-repeat":"repeat","background-position":"center center","background-size":"auto","background-attachment":"scroll","background-type":"","background-media":"","overlay-type":"","overlay-color":"","overlay-opacity":"","overlay-gradient":""}},"ast-content-background-meta":{"desktop":{"background-color":"var(--ast-global-color-5)","background-image":"","background-repeat":"repeat","background-position":"center center","background-size":"auto","background-attachment":"scroll","background-type":"","background-media":"","overlay-type":"","overlay-color":"","overlay-opacity":"","overlay-gradient":""},"tablet":{"background-color":"var(--ast-global-color-5)","background-image":"","background-repeat":"repeat","background-position":"center center","background-size":"auto","background-attachment":"scroll","background-type":"","background-media":"","overlay-type":"","overlay-color":"","overlay-opacity":"","overlay-gradient":""},"mobile":{"background-color":"var(--ast-global-color-5)","background-image":"","background-repeat":"repeat","background-position":"center center","background-size":"auto","background-attachment":"scroll","background-type":"","background-media":"","overlay-type":"","overlay-color":"","overlay-opacity":"","overlay-gradient":""}},"footnotes":""},"class_list":["post-1876","page","type-page","status-publish","hentry"],"_links":{"self":[{"href":"https:\/\/formacioncastellino.es\/en\/wp-json\/wp\/v2\/pages\/1876","targetHints":{"allow":["GET"]}}],"collection":[{"href":"https:\/\/formacioncastellino.es\/en\/wp-json\/wp\/v2\/pages"}],"about":[{"href":"https:\/\/formacioncastellino.es\/en\/wp-json\/wp\/v2\/types\/page"}],"author":[{"embeddable":true,"href":"https:\/\/formacioncastellino.es\/en\/wp-json\/wp\/v2\/users\/1"}],"replies":[{"embeddable":true,"href":"https:\/\/formacioncastellino.es\/en\/wp-json\/wp\/v2\/comments?post=1876"}],"version-history":[{"count":37,"href":"https:\/\/formacioncastellino.es\/en\/wp-json\/wp\/v2\/pages\/1876\/revisions"}],"predecessor-version":[{"id":4034,"href":"https:\/\/formacioncastellino.es\/en\/wp-json\/wp\/v2\/pages\/1876\/revisions\/4034"}],"wp:attachment":[{"href":"https:\/\/formacioncastellino.es\/en\/wp-json\/wp\/v2\/media?parent=1876"}],"curies":[{"name":"wp","href":"https:\/\/api.w.org\/{rel}","templated":true}]}}

<div data-elementor-type="wp-page" data-elementor-id="1876" class="elementor elementor-1876" data-elementor-post-type="page">
				<div class="elementor-element elementor-element-4094ee7 e-flex e-con-boxed e-con e-parent" data-id="4094ee7" data-element_type="container" data-settings="{&quot;background_background&quot;:&quot;classic&quot;}">
					<div class="e-con-inner">
		<div class="elementor-element elementor-element-8695738 e-con-full e-flex e-con e-child" data-id="8695738" data-element_type="container">
				<div class="elementor-element elementor-element-2646c9c elementor-widget elementor-widget-heading" data-id="2646c9c" data-element_type="widget" data-widget_type="heading.default">
				<div class="elementor-widget-container">
					<h1 class="elementor-heading-title elementor-size-default">Accommodation</h1>				</div>
				</div>
				</div>
					</div>
				</div>
		<div class="elementor-element elementor-element-e90f62c e-flex e-con-boxed e-con e-parent" data-id="e90f62c" data-element_type="container">
					<div class="e-con-inner">
		<div class="elementor-element elementor-element-0c682a2 e-con-full e-flex e-con e-child" data-id="0c682a2" data-element_type="container">
				<div class="elementor-element elementor-element-fdcac27 elementor-widget elementor-widget-heading" data-id="fdcac27" data-element_type="widget" data-widget_type="heading.default">
				<div class="elementor-widget-container">
					<h2 class="elementor-heading-title elementor-size-default">The Casal Sant Martí at Sant Martí Sesgueioles</h2>				</div>
				</div>
				<div class="elementor-element elementor-element-cc91ee5 elementor-widget elementor-widget-image" data-id="cc91ee5" data-element_type="widget" data-widget_type="image.default">
				<div class="elementor-widget-container">
															<img fetchpriority="high" decoding="async" width="1024" height="768" src="https://formacioncastellino.es/wp-content/uploads/2025/11/ElCasalwithWindmills.jpeg" class="attachment-full size-full wp-image-1880" alt="elcasalwithwindmills" srcset="https://formacioncastellino.es/wp-content/uploads/2025/11/ElCasalwithWindmills.jpeg 1024w, https://formacioncastellino.es/wp-content/uploads/2025/11/ElCasalwithWindmills-300x225.jpeg 300w, https://formacioncastellino.es/wp-content/uploads/2025/11/ElCasalwithWindmills-768x576.jpeg 768w" sizes="(max-width: 1024px) 100vw, 1024px" />															</div>
				</div>
				</div>
		<div class="elementor-element elementor-element-dd27738 e-con-full e-flex e-con e-child" data-id="dd27738" data-element_type="container">
				<div class="elementor-element elementor-element-2363509 elementor-widget elementor-widget-text-editor" data-id="2363509" data-element_type="widget" data-widget_type="text-editor.default">
				<div class="elementor-widget-container">
									<p>The training will take place at Casal Sant Martí at Sant Martí Sesgueioles, 95 km from Barcelona airport. About 1 hour and 15 minutes by car/taxi, but longer if taking combination of bus/train and taxi.<br /><br /></p><p>We encourage participants to organize rides among themselves. Later on we will provide a list of participants.<br /><br /></p><p>The website of the center:<br /><a href="http://www.casalsantmarti.lasalle.cat" target="_blank" rel="noopener noreferrer">www.casalsantmarti.lasalle.cat</a>.<br /><br /></p><p><strong>Price for room and board:</strong><br /><br />Approximate price for room and board per day for individual is 65 € and for double occupancy is 60 €.<br /><br /></p><p>Approximate price for room and board per module: 390 €.<br /><br /></p><p>Price for room and board for the whole training (it might vary slightly depending on the current prices for the center La Salle each year). 3,510 €.<br /><br /></p><p>Please, contact Olga Molina for further details at: <a href="mailto:formacioncastellino@gmail.com">formacioncastellino@gmail.com</a></p>								</div>
				</div>
				</div>
					</div>
				</div>
		<div class="elementor-element elementor-element-327fc6c e-flex e-con-boxed e-con e-parent" data-id="327fc6c" data-element_type="container" data-settings="{&quot;background_background&quot;:&quot;classic&quot;}">
					<div class="e-con-inner">
		<div class="elementor-element elementor-element-7a7d05b8 e-con-full e-flex e-con e-child" data-id="7a7d05b8" data-element_type="container">
				<div class="elementor-element elementor-element-3b439929 elementor-widget elementor-widget-heading" data-id="3b439929" data-element_type="widget" data-widget_type="heading.default">
				<div class="elementor-widget-container">
					<h2 class="elementor-heading-title elementor-size-default">Questions? Contact Us.</h2>				</div>
				</div>
				<div class="elementor-element elementor-element-ec49253 elementor-align-center elementor-widget elementor-widget-button" data-id="ec49253" data-element_type="widget" data-widget_type="button.default">
				<div class="elementor-widget-container">
									<div class="elementor-button-wrapper">
					<a class="elementor-button elementor-button-link elementor-size-sm" href="/contact/">
						<span class="elementor-button-content-wrapper">
									<span class="elementor-button-text">Get In Touch</span>
					</span>
					</a>
				</div>
								</div>
				</div>
				</div>
					</div>
				</div>
				</div>

<p>Accommodation The Casal Sant Martí at Sant Martí Sesgueioles The training will take place at Casal Sant Martí at Sant Martí Sesgueioles, 95 km from Barcelona airport. About 1 hour and 15 minutes by car/taxi, but longer if taking combination of bus/train and taxi. We encourage participants to organize rides among themselves. Later on we [&hellip;]</p>
